Suppose 0 = -2*f + f + h. Calculate the remainder when 43 is divided by f.
13
Let k(q) = 3*q - 11. Calculate the remainder when k(5) is divided by 1.
0
Let n(m) = 4*m**2 - 2*m - 1. Calculate the remainder when n(-1) is divided by 4.
1
Suppose 7*g = 3*g + 688. What is the remainder when g is divided by 35?
32
Suppose 2*j = -4*y + 44, -2*j - j + y + 59 = 0. Calculate the remainder when 38 is divided by j.
18
Suppose 5 = r - 4. Let a(u) = -u**2 - 10*u - 8. Calculate the remainder when a(-6) is divided by r.
7
Let l = 9 + -6. Suppose -l*j + 29 = 4*z, 3*z - 41 = j - 5*j. Calculate the remainder when 19 is divided by j.
8
Let i(w) = 12*w + 6. What is the remainder when i(6) is divided by 20?
18
Suppose -18 = -0*x - x + 3*c, 5*c = -5*x + 90. Let n = x - 6. What is the remainder when 35 is divided by n?
11
Let i = 37 - 23. Calculate the remainder when 26 is divided by i.
12
Let a be 0 - (0 + 0) - -1. Let d(y) = 1 - a + y. Calculate the remainder when 5 is divided by d(3).
2
Let t = 184 + -147. Calculate the remainder when 102 is divided by t.
28
Suppose -s + 4 + 1 = 0. What is the remainder when 12 is divided by s?
2
Let j = 35 - 53. Let q = -7 - j. Calculate the remainder when 19 is divided by q.
8
Suppose -4*s - 12 = -s. Let i be (s/6)/(4/(-18)). Suppose i*t - 18 = t. Calculate the remainder when 25 is divided by t.
7
Let b(f) = -23*f**3 + f. Suppose y - 10 = -y. What is the remainder when b(-1) is divided by ((-6)/y)/(2/(-20))?
10
Calculate the remainder when -2 - (0/(12/3) + -36) is divided by 7.
6
Let n = 131 + -86. Suppose -2*w + h + h = -36, -4*w - 3*h + 107 = 0. What is the remainder when n is divided by w?
22
Let p = 27 - 15. What is the remainder when p is divided by 7?
5
Let x(o) = 2*o - 1. Let z be x(2). Let j = z + -1. Suppose -j*h + 75 = 3*h. Calculate the remainder when 29 is divided by h.
14
Let u(j) = -j**2 + 16*j - 13. Calculate the remainder when u(12) is divided by 18.
17
Let f(y) be the third derivative of 5*y**4/8 - y**3/6 + y**2. Let l = -49 + 75. What is the remainder when l is divided by f(1)?
12
Let t(h) = 0 + 8*h**3 - 2*h**2 - 1 + 5*h**2. Let g be t(2). Suppose -2*f + 7*u - 4*u = -g, 0 = f - u - 37. What is the remainder when f is divided by 19?
17
Let o(k) = k - 7. Let m(h) = -2*h**3 - 3*h**2 - 2*h. Let s be m(-2). Suppose 2*y = -2*y + 8. Calculate the remainder when y is divided by o(s).
0
What is the remainder when 51 is divided by (-51)/(-4) + 4/16?
12
Suppose 0*c = -2*c + 4. Suppose c*v + 67 - 18 = -3*r, 5*r = -3*v - 83. Let x = r + 30. Calculate the remainder when 31 is divided by x.
9
Let k(f) = -34*f**3 + 2*f**2 + 2*f + 1. Let p = -139 + 148. What is the remainder when k(-1) is divided by p?
8
Let x(a) be the second derivative of a**5/20 - 5*a**4/12 + 5*a**3/6 - 5*a**2/2 - 4*a. What is the remainder when 38 is divided by x(5)?
18
Let o(a) = -2*a**3 + 13*a**2 - 5*a + 3. Let z(l) = 2*l**2 + 9*l + 7. Let i be ((-2)/(-4))/1*-12. Calculate the remainder when z(i) is divided by o(6).
7
Let g = 53 + -31. Calculate the remainder when g is divided by 12.
10
Let x(h) = 2*h**3 - 7*h**2 + 8*h - 2. What is the remainder when x(4) is divided by 8?
6
Let m(o) = -3*o + 7. What is the remainder when 97 is divided by m(-6)?
22
Suppose m + 9 = -5*l - 16, 5 = 4*m - l. Let n = m + 11. Suppose 3 = -5*i - 4*k + 22, -2*i + 26 = -3*k. Calculate the remainder when n is divided by i.
4
Suppose 109 + 169 = 2*h. Suppose h = 5*r - 121. Calculate the remainder when r is divided by 18.
16
Suppose 0 = -6*t + 15*t - 414. What is the remainder when 183 is divided by t?
45
Let f(q) = -q**3 + 4*q**2. Calculate the remainder when (66/(-9))/((-4)/18) is divided by f(3).
6
Suppose 5*d = 4*d - 5*n + 49, -d + n + 25 = 0. What is the remainder when d is divided by 10?
9
Suppose g + 0*g - 4 = 0. Suppose -g - 6 = -i. What is the remainder when 18 is divided by i?
8
Let y = 28 - 1. Suppose -10 = d + 18. Calculate the remainder when y is divided by ((-2)/4)/(1/d).
13
Suppose -4*f - 21 = -5*f. Calculate the remainder when f is divided by 12.
9
Suppose -59*m + 61*m = 40. Calculate the remainder when 119 is divided by m.
19
Let s = 36 - 13. Let p be (16 + -4)*3/9. Let t = 4 + p. Calculate the remainder when s is divided by t.
7
Let a = 6 - 3. Let o(g) = a + 13*g + 1 - 6. What is the remainder when o(3) is divided by 13?
11
Let m(k) = 3*k + 19. Calculate the remainder when m(5) is divided by 6.
4
Let m = 11 - 8. Let z be (3 + 3)*(-2)/m. Let c = z - -7. What is the remainder when 7 is divided by c?
1
Let d(s) = s**2 + 6*s - 3. Let f(x) = x**3 - x**2 + 14. What is the remainder when f(0) is divided by d(-7)?
2
Suppose 4*p - 78 = p. Suppose 0 = 3*w - w - p. Calculate the remainder when w is divided by 5.
3
Let n = -58 + 126. What is the remainder when n is divided by (4*6/(-36))/(2/(-42))?
12
Let c be -2 - -9 - (1 - 1). Let o = -2 + c. Calculate the remainder when 14 is divided by o.
4
Let s = -12 - -10. Let c = 3 - s. Let f = -2 + 4. Calculate the remainder when c is divided by f.
1
Suppose 27 = -0*u + u. Suppose 5*s + 2 = u. Let o = 15 - 2. Calculate the remainder when o is divided by s.
3
Let i = 43 + -18. What is the remainder when i is divided by 13?
12
Suppose 58 + 67 = 5*r. Suppose -o + r = -5*z + 2*z, -2*z = 6. Let p = -9 + o. Calculate the remainder when 27 is divided by p.
6
Suppose -5*g = -4*r - 18 - 7, 20 = 4*g - 2*r. Let k(z) = -z - 5 + 37 + g. Calculate the remainder when k(0) is divided by 13.
11
Suppose -22 + 8 = -2*d. Let r = d + -3. Calculate the remainder when 7 is divided by r.
3
Suppose -3*c = -4*d + 30, -3*c = 3*d - 4*c - 20. Suppose 4*m - 58 + 8 = -2*f, -3*m = -f. Calculate the remainder when f/12*4*2 is divided by d.
4
Let c = -14 + 29. What is the remainder when 38 is divided by c?
8
Suppose 12 = 5*r - r. Suppose -p + 18 = -0*w + 3*w, 0 = -r*w + 3*p + 30. What is the remainder when w is divided by 4?
3
Let l(n) = -n**3 + 4*n**2 - 2*n + 5. Let u be l(4). Suppose -2*o = -5*o + 42. Calculate the remainder when o is divided by (u - -1) + 20/2.
6
Suppose 2*m + 6 = 5*w, -3*w - 4*m + 12 = -m. Let t(x) = 0*x**2 - x**3 + x**2 + 2*x + x - 1. What is the remainder when 1 is divided by t(w)?
0
Suppose -2*j + 68 = b + 3*j, -b - 4*j = -66. What is the remainder when b is divided by 5?
3
Suppose -a - 4*a = -75. Calculate the remainder when a is divided by 4.
3
What is the remainder when 6 is divided by (2 + -1)/(2/4)?
0
Calculate the remainder when (-12)/(-15)*45/2 is divided by 7.
4
Suppose -25*l - 110 = -30*l. Calculate the remainder when l is divided by 12.
10
Suppose 0 = -2*d - d - 60. Let n = 35 + d. What is the remainder when n is divided by 9?
6
Let t = -3 - -7. Suppose -t*y + 65 + 7 = 0. Calculate the remainder when 52 is divided by y.
16
Let i = 379 - 191. Suppose -5*r - 53 = -i. What is the remainder when 53 is divided by r?
26
Let r = -96 + 20. Let t = r + 116. What is the remainder when t is divided by 11?
7
Suppose -3*w + w + 30 = 0. Calculate the remainder when w is divided by 9.
6
Suppose -51 = -3*w - 3*m, -3*w = -3*m - 0*m - 33. What is the remainder when w is divided by 4?
2
Let q(w) = -w**2 - 8*w + 85. Calculate the remainder when q(-12) is divided by 22.
15
Let a be 6/(-27) - (-6)/27. Let z(x) = x**2 + 4*x - 3. Let o be z(-5). Suppose o*f + 3*f - 70 = a. What is the remainder when f is divided by 5?
4
Let w(k) = -2*k**2 + 2*k - 13*k**3 + 20*k**3 + 13*k**3 + 1 - 2. What is the remainder when w(1) is divided by 5?
4
Let j = 8 + -14. Let o be 3/j*0 - 2. What is the remainder when 43 is divided by o/(-8) + 129/12?
10
Let j = -2 - -7. Let c be (-3 + (3 - -17))/1. Suppose 5*x + 2 = c. Calculate the remainder when j is divided by x.
2
Suppose 2*d - 2 = -4*n, -5*n - 3 = d - 4*d. Suppose -j = 6*p - p - 45, 2*p + j - 15 = n. What is the remainder when 37 is divided by p?
7
Suppose -140 = -0*w - 4*w. Suppose 65*v = 70*v - 45. What is the remainder when w is divided by v?
8
Let i(m) = m**3 - 7*m**2 + 6*m + 5. Let s be i(6). Suppose -s*h - 5 = -135. Calculate the remainder when 76 is divided by h.
24
Suppose 2*c + 10 = 0, c - 11 - 113 = -3*p. Calculate the remainder when 212 is divided by p.
40
Suppose 0*g - 52 = -4*g. What is the remainder when 4/18 + (-1662)/(-54) + 5 is divided by g?
10
Suppose 4*v = -2*n + 10, -3*n + 0*v + 15 = 5*v. What is the 